the millions digit of 6654349?
6
What is the ten millions digit of 43732572?
4
What is the hundreds digit of 1253744?
7
What is the ten thousands digit of 121184?
2
What is the units digit of 178452?
2
What is the hundred thousands digit of 161922?
1
What is the units digit of 307554?
4
What is the hundreds digit of 142378?
3
What is the hundreds digit of 1576503?
5
What is the millions digit of 2586888?
2
What is the tens digit of 57192?
9
What is the thousands digit of 15926670?
6
What is the units digit of 5014475?
5
What is the tens digit of 5798668?
6
What is the units digit of 14318365?
5
What is the thousands digit of 248953?
8
What is the hundred thousands digit of 747196?
7
What is the tens digit of 5839532?
3
What is the hundreds digit of 668070?
0
What is the thousands digit of 1430268?
0
What is the thousands digit of 1576276?
6
What is the ten thousands digit of 1461781?
6
What is the ten thousands digit of 277756?
7
What is the hundred thousands digit of 922640?
9
What is the millions digit of 36884423?
6
What is the tens digit of 442680?
8
What is the units digit of 1945187?
7
What is the hundreds digit of 27414394?
3
What is the hundred thousands digit of 332846?
3
What is the units digit of 14046345?
5
What is the hundred thousands digit of 1230983?
2
What is the hundred thousands digit of 1909962?
9
What is the hundreds digit of 730574?
5
What is the ten thousands digit of 3987980?
8
What is the ten thousands digit of 1040516?
4
What is the thousands digit of 453431?
3
What is the hundred thousands digit of 136293?
1
What is the ten thousands digit of 6745678?
4
What is the hundreds digit of 638457?
4
What is the ten thousands digit of 954938?
5
What is the ten millions digit of 11209118?
1
What is the hundreds digit of 112364?
3
What is the units digit of 16002159?
9
What is the thousands digit of 395554?
5
What is the tens digit of 259226?
2
What is the tens digit of 2964220?
2
What is the tens digit of 229250?
5
What is the ten thousands digit of 2228115?
2
What is the units digit of 2944437?
7
What is the ten thousands digit of 171557?
7
What is the thousands digit of 1956876?
6
What is the hundred thousands digit of 224635?
2
What is the thousands digit of 3032847?
2
What is the ten thousands digit of 207386?
0
What is the units digit of 92416?
6
What is the hundreds digit of 11515855?
8
What is the thousands digit of 545071?
5
What is the tens digit of 394222?
2
What is the ten thousands digit of 5206065?
0
What is the ten thousands digit of 55452?
5
What is the ten thousands digit of 52453?
5
What is the hundred thousands digit of 349635?
3
What is the hundred thousands digit of 1234650?
2
What is the ten thousands digit of 1930404?
3
What is the thousands digit of 624119?
4
What is the thousands digit of 367596?
7
What is the hundred thousands digit of 369738?
3
What is the tens digit of 15847927?
2
What is the units digit of 255667?
7
What is the hundred thousands digit of 12061792?
0
What is the thousands digit of 749140?
9
What is the thousands digit of 2025277?
5
What is the ten thousands digit of 1159689?
5
What is the tens digit of 554334?
3
What is the hundreds digit of 9390151?
1
What is the hundreds digit of 277006?
0
What is the thousands digit of 13487146?
7
What is the hundred thousands digit of 386328?
3
What is the thousands digit of 905526?
5
What is the ten millions digit of 15153580?
1
What is the hundreds digit of 23324149?
1
What is the units digit of 6475680?
0
What is the ten thousands digit of 4600174?
0
What is the tens digit of 98235?
3
What is the ten thousands digit of 309370?
0
What is the tens digit of 129751?
5
What is the hundred thousands digit of 11834728?
8
What is the tens digit of 1804053?
5
What is the millions digit of 1032047?
1
What is the ten thousands digit of 360134?
6
What is the ten thousands digit of 207947?
0
What is the hundreds digit of 922253?
2
What is the ten thousands digit of 7959277?
5
What is the tens digit of 771547?
4
What is the thousands digit of 851962?
1
What is the ten thousands digit of 764763?
6
What is the millions digit of 7384156?
7
What is the hundreds digit of 1320899?
8
What is the millions digit of 26563849?
6
What is the hundred thousands digit of 7663097?
6
What is the tens digit of 416502?
0
What is the thousands digit of 71509?
1
What is the thousands digit of 829923?
9
What is the hundred thousands digit of 369404?
3
What is the tens digit of 6243884?
8
What is the units digit of 55283?
3
What is the millions digit of 1632144?
1
What is the hundreds digit of 89711?
7
What is the hundreds digit of 58636?
6
What is the hundred thousands digit of 10350762?
3
What is the millions digit of 5064661?
5
What is the units digit of 107850?
0
What is the ten thousands digit of 1976846?
7
What is the hundred thousands digit of 3637792?
6
What is the ten thousands digit of 281673?
8
What is the hundred thousands digit of 21782065?
7
What is the units digit of 483124?
4
What is the ten thousands digit of 7147040?
4
What is the hundreds digit of 3558886?
8
What is the units digit of 3332172?
2
What is the hundred thousands digit of 358036?
3
What is the units digit of 472391?
1
What is the hundred thousands digit of 597626?
5
What is the hundred thousands digit of 2657498?
6
What is the hundreds digit of 18521494?
4
What is the units digit of 370479?
9
What is the tens digit of 418201?
0
What is the ten thousands digit of 36468199?
6
What is the units digit of 1642420?
0
What is the ten thousands digit of 545005?
4
What is the hundreds digit of 1794023?
0
What is the thousands digit of 3034200?
4
What is the hundred thousands digit of 836779?
8
What is the tens digit of 104992?
9
What is the thousands digit of 735460?
5
What is the units digit of 35634?
4
What is the hundreds digit of 801056?
0
What is the tens digit of 124633?
3
What is the tens digit of 414566?
6
What is the units digit of 6256?
6
What is the units digit of 417305?
5
What is the thousands digit of 386297?
6
What is the ten thousands digit of 769031?
6
What is the millions digit of 14861672?
4
What is the hundreds digit of 1682138?
1
What is the units digit of 326170?
0
What is the ten thousands digit of 31590?
3
What is the millions digit of 1901104?
1
What is the tens digit of 75227?
2
What is the ten thousands digit of 113315?
1
What is the tens digit of 356418?
1
What is the hundred thousands digit of 673769?
6
What is the tens digit of 4399568?
6
What is the ten thousands digit of 2988847?
8
What is the tens digit of 642514?
1
What is the thousands digit of 275599?
5
What is the tens digit of 712261?
6
What is the hundred thousands digit of 1250213?
2
What is the tens digit of 19053673?
7
What is the hundreds digit of 40904?
9
What is the units digit of 16502547?
7
What is the thousands digit of 1298285?
8
What is the thousands digit of 4512061?
2
What is the hundreds digit of 2824942?
9
What is the tens digit of 1564727?
2
What is the thousands digit of 33003?
3
What is the ten thousands digit of 148425?
4
What is the hundreds digit of 3899196?
1
What is the ten thousands digit of 430306?
3
What is the ten thousands digit of 6886253?
8
What is the thousands digit of 699582?
9
What is the units digit of 6929843?
3
What is the ten thousands digit of 234681?
3
What is the ten millions digit of 32845782?
3
What is the ten millions digit of 15544648?
1
What is the tens digit of 854308?
0
What is the hundreds digit of 5797819?
8
What is the tens digit of 2023020?
2
What is the hundreds digit of 99968?
9
What is the tens digit of 165143?
4
What is the hundreds digit of 3650898?
8
What is the hundreds digit of 16779465?
4
What is the tens digit of 20731201?
0
What is the hundreds digit of 2402140?
1
What is the hundred thousands digit of 308016?
3
What is the hundreds digit of 780948?
9
What is the hundred thousands digit of 12847587?
8
What is the hundreds digit of 724106?
1
What is the ten thousands digit of 46307?
4
What is the hundreds digit of 2874854?
8
What is the units digit of 14833?
3
What is the tens digit of 81310?
1
What is the tens digit of 517857?
5
What is the thousands digit of 416493?
6
What is the hundred thousands digit of 6508555?
5
What is the hundred thousands digi